nder when z is divided by 3?
0
Let l = 1242 - 1085. What is the remainder when l is divided by 80?
77
Let u(l) = -3*l**2 + 4*l - 4. Let v be u(1). Calculate the remainder when 104 is divided by (v + 17)/((-10)/(-15)).
20
Let j = -11 - -23. Suppose 2*s - 4*s = -j. Suppose 3*y + 84 = 7*y. What is the remainder when y is divided by s?
3
What is the remainder when 238 is divided by (-8*3 - -4)/(-2)?
8
What is the remainder when 117 + 1/3*27 is divided by 112?
14
Suppose 2*u - 27 = 5. Let z(r) = -r + 4*r + 5*r - r**2 - 22 + 4*r. What is the remainder when u is divided by z(9)?
1
Let m be 1/1*10/(-2). Calculate the remainder when 74 is divided by ((-11)/2)/(m/10).
8
Let s(b) = -b**3 + 10*b**2 - 17*b + 13. Let x(o) = -3*o**2 + 11*o - 3. Let j be x(2). What is the remainder when 122 is divided by s(j)?
40
Let m(o) = -o**2 - 11*o - 11. Let l be m(-9). Suppose -l*k - 28 = -11*k. Suppose -c = -1 - 17. Calculate the remainder when c is divided by k.
4
Suppose 0 = 5*y - 513 - 277. Calculate the remainder when y is divided by 5.
3
Suppose 6*j = 10*j + 136. Let m = j - -39. Calculate the remainder when 21 is divided by m.
1
Let b(x) = -2*x**3 - 5*x**2 - 6*x + 4. Suppose -3*k + 82 + 95 = 0. Suppose 0 = t - 0*t - k. Calculate the remainder when t is divided by b(-3).
28
Let k = -28 - -34. What is the remainder when 1*(-573)/(-21) + k/(-21) is divided by 4?
3
Let s = 243 + -160. Let i = 39 - -4. Suppose -5*m - d + 93 = -4*d, i = 3*m - 5*d. Calculate the remainder when s is divided by m.
20
Let b(w) = 37*w - 27. Let y be b(8). Suppose 7*a - y = 53. What is the remainder when a is divided by ((-12)/(-5))/(1/5)?
10
Let f be -1 + 4/(0 - -4). Suppose 5*v + 10 = f, -4*v = -4*b + 88 + 124. What is the remainder when b is divided by (40 - 1)*1/3?
12
What is the remainder when (33 - 34)/(2/(-256)) is divided by 37?
17
What is the remainder when 93 is divided by (7 + (-34)/4)*-38?
36
Suppose -71 = -2*l + 2*r + 5, 66 = 2*l + 3*r. What is the remainder when l is divided by 19?
17
Let s(f) = -f**3 + 9*f**2 - 7*f - 11. Let k be s(8). Let d be 3*-4 + (-2 - k). Let i = -10 - d. Calculate the remainder when 1 is divided by i.
0
Let s = -762 - -822. What is the remainder when 252 is divided by s?
12
Let n = -171 + -112. Let k = -155 - n. Suppose 0 = 4*a + 12, -5*a - 410 = -3*f - k. What is the remainder when f is divided by 23?
20
Suppose 5*l - 4*d = 3*l + 2, 10 = 2*l + 4*d. What is the remainder when 14 is divided by l?
2
Suppose 14*l - 11*l - 189 = 0. Let n = l + -59. Calculate the remainder when 27 is divided by n.
3
What is the remainder when 7 is divided by 55/(-10)*-2 - 7?
3
Calculate the remainder when 311 is divided by -22*66/(-28) - (-150)/1050.
51
Let x(r) = r**2 + 13*r + 80. What is the remainder when x(-8) is divided by 7?
5
Suppose 0 = 5*l + 2*t + 22 + 6, 4*t = -16. What is the remainder when 91 is divided by -9*l/30*20?
19
Suppose 5*y = -103 - 257. Let n = 19 - y. Calculate the remainder when n is divided by 31.
29
Let q = 1975 - 1966. Suppose -308 = -5*f - g - g, f + g - 64 = 0. What is the remainder when f is divided by q?
6
Let m = 13 - 9. Calculate the remainder when ((32/(-40))/(-2))/(1/95) is divided by m.
2
Let b(x) be the third derivative of x**5/60 - x**4/12 - x**3 - 8*x**2. What is the remainder when 16 is divided by b(5)?
7
Suppose 3*w = -3*t + 243, 0*t + t - 4*w - 76 = 0. Calculate the remainder when t is divided by 21.
17
Let z(j) = 5*j + 5. Let y = -62 - -85. What is the remainder when z(8) is divided by y?
22
Let o be ((-8)/28 - -2)*-14. Let z = 0 - o. What is the remainder when z is divided by 13?
11
Let w = -57 + 105. What is the remainder when w is divided by -1*(0 - 153/9)?
14
Let r be -1*-2*(-3 - 10). Let h = r - -28. Suppose 0 = 2*v + 5*y - 6, -h*y + 3 = v - y. Calculate the remainder when 10 is divided by v.
1
Suppose 56 = -10*a - 134. Let c = -3 - a. What is the remainder when 19 is divided by c?
3
Let m(w) = 89*w - 1. Suppose 166*h = -s + 163*h + 38, 4*s - 4*h - 72 = 0. What is the remainder when m(1) is divided by s?
19
Calculate the remainder when 296 - (-12 + 10)*-4 is divided by 96.
0
Let w = -392 + 404. What is the remainder when 61 is divided by w?
1
Suppose -4*v - 35 = -123. Let i(k) = 243*k - 1936. What is the remainder when v is divided by i(8)?
6
Suppose -29*n = -2753 - 3482. Calculate the remainder when n is divided by 36.
35
Let y(j) = 13*j - 1. Calculate the remainder when y(2) is divided by 891/135 - 2/20*-4.
4
Let d(k) = k**3 + k**2 - 2*k - 5. Let w be d(-3). Let c = -15 - w. Suppose 3*j - 83 = c*j. Calculate the remainder when j is divided by 17.
15
Let x = -161 - -111. Let b = 27 - x. Calculate the remainder when b is divided by (-3)/(6/(-38)) - -1.
17
Let b = -11 - -6. Let g = 5 - b. Let k(f) = 3*f**2 - 2*f + 1. What is the remainder when k(-2) is divided by g?
7
Let u(x) = x**3 + 5*x**2 - 6. Let d be u(-5). Let k = d - -5. What is the remainder when 5 is divided by (2 - k)/3*2?
1
Let l = 15 + -21. Let z(j) = 4*j**2 - 5*j**2 + 2 - 10 + 6 - 10*j. Calculate the remainder when z(l) is divided by 8.
6
Suppose -39*h + 441 + 339 = 0. Let g = -4 - -7. What is the remainder when h is divided by g?
2
Let w(p) = p**2 + 14*p + 76. What is the remainder when 35 is divided by w(-9)?
4
Suppose -2*z - 2*z - z = 0. Suppose 47*i - 49*i + 120 = z. What is the remainder when i is divided by 21?
18
Suppose 4*u + 5*m = 17, -4*u + 14 = 2*m - 0*m. Suppose 0 = -5*i - 4*g + 564, 2 = 5*g - u. Calculate the remainder when i is divided by 29.
25
Let d = 2070 + -2042. Calculate the remainder when 64 is divided by d.
8
Suppose -5*t - 329 = -409. Calculate the remainder when (-14)/56 - (-626)/8 is divided by t.
14
Suppose -d = 78 - 322. Suppose -7*q + 3*q = -d. Suppose -3*i = -4*r - 51, 4*i = -2*r + 126 - 36. What is the remainder when q is divided by i?
19
Let m(d) = -d**3 + 17*d**2 + 21*d - 22. Let z be m(18). Suppose 0 = -5*u + 5*v + z + 28, -2*v = 0. What is the remainder when 2 - (-43 + 6/3) is divided by u?
7
Suppose -28*d = -295 + 43. Let h = 25 - 9. What is the remainder when h is divided by d?
7
Suppose 3*g = 5*w - 114, -3*w - g = -5*g - 64. Calculate the remainder when 59 is divided by (w/9*-1)/(2/(-9)).
11
Suppose 51 = 2*y - 5*b, y + 43*b - 18 = 44*b. What is the remainder when 167 is divided by y?
11
Suppose -2*k - 5 = 5. Calculate the remainder when 92 is divided by (k/(-10))/((-2)/(-96)).
20
Let o be 455/20 - 4 - (-3)/(-4). What is the remainder when 26 is divided by -1 + 284/o - 4/(-18)?
11
Let o(r) = -1 + 0 + 8*r - 27*r. Suppose 9*d = -138 + 768. What is the remainder when d is divided by o(-1)?
16
Let a = 75 - 193. Let b = -84 - a. Calculate the remainder when b is divided by (13/52)/(16/448).
6
Let w = -1333 - -1335. Calculate the remainder when 25 is divided by w.
1
Suppose -4*p - 618 = -3*u + 2*u, 0 = -5*p + 4*u - 778. Let f = p - -278. What is the remainder when f is divided by 32?
28
Suppose 2*j - 36*g - 92 = -34*g, 5*g + 66 = j. Let l = -5 + 8. Suppose -l*d + 20 = -13. Calculate the remainder when j is divided by d.
8
Let q be 1 - (1 - (3 - 3)). Suppose q = m + 4, c = -0*m - 4*m - 5. Calculate the remainder when 18 is divided by c.
7
Let s = -645 - -668. Calculate the remainder when 641 is divided by s.
20
Let z = -6 + 8. Suppose 2 = 2*f, 33 = z*q + 2*q + f. Suppose l + 0*l = q. Calculate the remainder when 29 is divided by l.
5
Calculate the remainder when (-5)/((-20)/(-24))*50/(-4) is divided by 33.
9
Suppose 2*l + 5*z = 11, -4*l = 2*z - 22 + 8. What is the remainder when ((-4)/(-8))/(l/174) is divided by 10?
9
Let c = 49 - 26. What is the remainder when c + 38 - 1*-3 is divided by 22?
20
Let h be (-4 - (-1 - 0)) + 10. Suppose -2*q = -5*r - h, 4*q - 4*r = -r + 7. What is the remainder when 35 + (0 - (-1 - q)) is divided by 10?
7
Suppose 0 = -66*x + 73*x - 252. Calculate the remainder when 88 is divided by x.
16
Let f(u) = -u + 10. Let p be f(7). Suppose 0 = -22*d + 19*d + 18. Suppose p*b + 2*b = -4*g + 94, -b - 4*g = -d. What is the remainder when 65 is divided by b?
21
Suppose -4*j + 11 = 5*t, -9*t + 3*j + 18 = -4*t. Let z(a) = 3*a - 74. What is the remainder when t is divided by z(25)?
0
Let z = -28 - -43. Suppose z = 3*y - 42. What is the remainder when y is divided by 10?
9
Let k = 2037 + -1850. Calculate the remainder w